{"id":2040,"date":"2021-06-04T12:48:11","date_gmt":"2021-06-04T10:48:11","guid":{"rendered":"https:\/\/tryvya.myskydoowebsite.com\/?page_id=2040"},"modified":"2021-08-03T10:03:14","modified_gmt":"2021-08-03T08:03:14","slug":"actualite","status":"publish","type":"page","link":"https:\/\/tryvya.myskydoowebsite.com\/?page_id=2040","title":{"rendered":"Actualit\u00e9"},"content":{"rendered":"\t\t<div data-elementor-type=\"wp-page\" data-elementor-id=\"2040\" class=\"elementor elementor-2040\" data-elementor-post-type=\"page\">\n\t\t\t\t\t\t<section class=\"elementor-section elementor-top-section elementor-element elementor-element-4b2332e elementor-section-boxed elementor-section-height-default elementor-section-height-default\" data-id=\"4b2332e\" data-element_type=\"section\" data-e-type=\"section\" data-settings=\"{&quot;background_background&quot;:&quot;classic&quot;}\">\n\t\t\t\t\t\t\t<div class=\"elementor-background-overlay\"><\/div>\n\t\t\t\t\t\t\t<div class=\"elementor-container elementor-column-gap-default\">\n\t\t\t\t\t<div class=\"elementor-column elementor-col-50 elementor-top-column elementor-element elementor-element-e60816c\" data-id=\"e60816c\" data-element_type=\"column\" data-e-type=\"column\">\n\t\t\t<div class=\"elementor-widget-wrap elementor-element-populated\">\n\t\t\t\t\t\t<div class=\"elementor-element elementor-element-7e2141a animated-fast elementor-invisible elementor-widget elementor-widget-heading\" data-id=\"7e2141a\" data-element_type=\"widget\" data-e-type=\"widget\" data-settings=\"{&quot;_animation&quot;:&quot;fadeInUp&quot;,&quot;_animation_delay&quot;:200}\" data-widget_type=\"heading.default\">\n\t\t\t\t<div class=\"elementor-widget-container\">\n\t\t\t\t\t<h1 class=\"elementor-heading-title elementor-size-default\">Actualit\u00e9<\/h1>\t\t\t\t<\/div>\n\t\t\t\t<\/div>\n\t\t\t\t<div class=\"elementor-element elementor-element-155adb1 elementor-invisible elementor-widget elementor-widget-heading\" data-id=\"155adb1\" data-element_type=\"widget\" data-e-type=\"widget\" data-settings=\"{&quot;_animation_delay&quot;:400,&quot;_animation&quot;:&quot;fadeInDown&quot;}\" data-widget_type=\"heading.default\">\n\t\t\t\t<div class=\"elementor-widget-container\">\n\t\t\t\t\t<h2 class=\"elementor-heading-title elementor-size-default\">Soyez inform\u00e9s des cyberattaques qui vous entourent<\/h2>\t\t\t\t<\/div>\n\t\t\t\t<\/div>\n\t\t\t\t<div class=\"elementor-element elementor-element-7cae062 elementor-widget elementor-widget-text-editor\" data-id=\"7cae062\" data-element_type=\"widget\" data-e-type=\"widget\" data-widget_type=\"text-editor.default\">\n\t\t\t\t<div class=\"elementor-widget-container\">\n\t\t\t\t\t\t\t\t\t<p>Retrouvez ici tous nos articles concernant les nouveaut\u00e9s, actualit\u00e9s et analyses sur le th\u00e8me de la cybers\u00e9curit\u00e9, de la cyberassurance et des directives europ\u00e9ennes de protection des donn\u00e9es.<\/p>\n<p>Rester inform\u00e9 est la meilleure d\u00e9fense contre les attaques informatiques !<\/p>\t\t\t\t\t\t\t\t<\/div>\n\t\t\t\t<\/div>\n\t\t\t\t\t<\/div>\n\t\t<\/div>\n\t\t\t\t<div class=\"elementor-column elementor-col-50 elementor-top-column elementor-element elementor-element-fa4e4d9\" data-id=\"fa4e4d9\" data-element_type=\"column\" data-e-type=\"column\">\n\t\t\t<div class=\"elementor-widget-wrap\">\n\t\t\t\t\t\t\t<\/div>\n\t\t<\/div>\n\t\t\t\t\t<\/div>\n\t\t<\/section>\n\t\t\t\t<section class=\"elementor-section elementor-top-section elementor-element elementor-element-3e9edd1 elementor-section-boxed elementor-section-height-default elementor-section-height-default\" data-id=\"3e9edd1\" data-element_type=\"section\" data-e-type=\"section\">\n\t\t\t\t\t\t<div class=\"elementor-container elementor-column-gap-default\">\n\t\t\t\t\t<div class=\"elementor-column elementor-col-100 elementor-top-column elementor-element elementor-element-21c849c\" data-id=\"21c849c\" data-element_type=\"column\" data-e-type=\"column\">\n\t\t\t<div class=\"elementor-widget-wrap elementor-element-populated\">\n\t\t\t\t\t\t<div class=\"elementor-element elementor-element-bfc7519 elementor-grid-tablet-3 elementor-grid-3 elementor-grid-mobile-1 elementor-posts--thumbnail-top elementor-posts__hover-gradient elementor-widget elementor-widget-posts\" data-id=\"bfc7519\" data-element_type=\"widget\" data-e-type=\"widget\" data-settings=\"{&quot;cards_columns_tablet&quot;:&quot;3&quot;,&quot;cards_columns&quot;:&quot;3&quot;,&quot;cards_columns_mobile&quot;:&quot;1&quot;,&quot;cards_row_gap&quot;:{&quot;unit&quot;:&quot;px&quot;,&quot;size&quot;:35,&quot;sizes&quot;:[]},&quot;cards_row_gap_tablet&quot;:{&quot;unit&quot;:&quot;px&quot;,&quot;size&quot;:&quot;&quot;,&quot;sizes&quot;:[]},&quot;cards_row_gap_mobile&quot;:{&quot;unit&quot;:&quot;px&quot;,&quot;size&quot;:&quot;&quot;,&quot;sizes&quot;:[]}}\" data-widget_type=\"posts.cards\">\n\t\t\t\t<div class=\"elementor-widget-container\">\n\t\t\t\t\t\t\t<div class=\"elementor-posts-container elementor-posts elementor-posts--skin-cards elementor-grid\" role=\"list\">\n\t\t\t\t<article class=\"elementor-post elementor-grid-item post-1672 post type-post status-publish format-standard has-post-thumbnail hentry category-cybersecurite\" role=\"listitem\">\n\t\t\t<div class=\"elementor-post__card\">\n\t\t\t\t<a class=\"elementor-post__thumbnail__link\" href=\"https:\/\/tryvya.myskydoowebsite.com\/?p=1672\" tabindex=\"-1\" ><div class=\"elementor-post__thumbnail\"><img fetchpriority=\"high\" decoding=\"async\" width=\"1349\" height=\"759\" src=\"https:\/\/tryvya.myskydoowebsite.com\/wp-content\/uploads\/B9727064544Z.1_20210517163421_000GEOI565JJ.1-0.jpg\" class=\"attachment-medium size-medium wp-image-1678\" alt=\"Usurpation d&#039;identit\u00e9, cyberattaque\" srcset=\"https:\/\/tryvya.myskydoowebsite.com\/wp-content\/uploads\/B9727064544Z.1_20210517163421_000GEOI565JJ.1-0.jpg 1349w, https:\/\/tryvya.myskydoowebsite.com\/wp-content\/uploads\/B9727064544Z.1_20210517163421_000GEOI565JJ.1-0-768x432.jpg 768w, https:\/\/tryvya.myskydoowebsite.com\/wp-content\/uploads\/B9727064544Z.1_20210517163421_000GEOI565JJ.1-0-1080x608.jpg 1080w, https:\/\/tryvya.myskydoowebsite.com\/wp-content\/uploads\/B9727064544Z.1_20210517163421_000GEOI565JJ.1-0-1280x720.jpg 1280w, https:\/\/tryvya.myskydoowebsite.com\/wp-content\/uploads\/B9727064544Z.1_20210517163421_000GEOI565JJ.1-0-980x551.jpg 980w, https:\/\/tryvya.myskydoowebsite.com\/wp-content\/uploads\/B9727064544Z.1_20210517163421_000GEOI565JJ.1-0-480x270.jpg 480w, https:\/\/tryvya.myskydoowebsite.com\/wp-content\/uploads\/B9727064544Z.1_20210517163421_000GEOI565JJ.1-0-600x338.jpg 600w\" sizes=\"(max-width: 1349px) 100vw, 1349px\" \/><\/div><\/a>\n\t\t\t\t<div class=\"elementor-post__text\">\n\t\t\t\t<h3 class=\"elementor-post__title\">\n\t\t\t<a href=\"https:\/\/tryvya.myskydoowebsite.com\/?p=1672\" >\n\t\t\t\tArnaque au SMS bpost: se prot\u00e9ger contre l&rsquo;usurpation d&rsquo;identit\u00e9\t\t\t<\/a>\n\t\t<\/h3>\n\t\t\n\t\t<a class=\"elementor-post__read-more\" href=\"https:\/\/tryvya.myskydoowebsite.com\/?p=1672\" aria-label=\"En savoir plus sur Arnaque au SMS bpost: se prot\u00e9ger contre l&rsquo;usurpation d&rsquo;identit\u00e9\" tabindex=\"-1\" >\n\t\t\tLire la suite \u00bb\t\t<\/a>\n\n\t\t\t\t<\/div>\n\t\t\t\t\t<\/div>\n\t\t<\/article>\n\t\t\t\t<article class=\"elementor-post elementor-grid-item post-1323 post type-post status-publish format-standard has-post-thumbnail hentry category-cybersecurite tag-attaque-informatique tag-cyberattaque\" role=\"listitem\">\n\t\t\t<div class=\"elementor-post__card\">\n\t\t\t\t<a class=\"elementor-post__thumbnail__link\" href=\"https:\/\/tryvya.myskydoowebsite.com\/?p=1323\" tabindex=\"-1\" ><div class=\"elementor-post__thumbnail\"><img decoding=\"async\" width=\"728\" height=\"380\" src=\"https:\/\/tryvya.myskydoowebsite.com\/wp-content\/uploads\/microsoft-exchange-hacking.jpg\" class=\"attachment-medium size-medium wp-image-1360\" alt=\"\" srcset=\"https:\/\/tryvya.myskydoowebsite.com\/wp-content\/uploads\/microsoft-exchange-hacking.jpg 728w, https:\/\/tryvya.myskydoowebsite.com\/wp-content\/uploads\/microsoft-exchange-hacking-480x251.jpg 480w, https:\/\/tryvya.myskydoowebsite.com\/wp-content\/uploads\/microsoft-exchange-hacking-600x313.jpg 600w\" sizes=\"(max-width: 728px) 100vw, 728px\" \/><\/div><\/a>\n\t\t\t\t<div class=\"elementor-post__text\">\n\t\t\t\t<h3 class=\"elementor-post__title\">\n\t\t\t<a href=\"https:\/\/tryvya.myskydoowebsite.com\/?p=1323\" >\n\t\t\t\tUn tsunamis de cyberattaques en Belgique ?\t\t\t<\/a>\n\t\t<\/h3>\n\t\t\n\t\t<a class=\"elementor-post__read-more\" href=\"https:\/\/tryvya.myskydoowebsite.com\/?p=1323\" aria-label=\"En savoir plus sur Un tsunamis de cyberattaques en Belgique ?\" tabindex=\"-1\" >\n\t\t\tLire la suite \u00bb\t\t<\/a>\n\n\t\t\t\t<\/div>\n\t\t\t\t\t<\/div>\n\t\t<\/article>\n\t\t\t\t<article class=\"elementor-post elementor-grid-item post-1286 post type-post status-publish format-standard has-post-thumbnail hentry category-tendances-du-web\" role=\"listitem\">\n\t\t\t<div class=\"elementor-post__card\">\n\t\t\t\t<a class=\"elementor-post__thumbnail__link\" href=\"https:\/\/tryvya.myskydoowebsite.com\/?p=1286\" tabindex=\"-1\" ><div class=\"elementor-post__thumbnail\"><img decoding=\"async\" width=\"1920\" height=\"1080\" src=\"https:\/\/tryvya.myskydoowebsite.com\/wp-content\/uploads\/deepfake-detection-challenge.jpg\" class=\"attachment-medium size-medium wp-image-1302\" alt=\"Deepfake, menace informatique\" srcset=\"https:\/\/tryvya.myskydoowebsite.com\/wp-content\/uploads\/deepfake-detection-challenge.jpg 1920w, https:\/\/tryvya.myskydoowebsite.com\/wp-content\/uploads\/deepfake-detection-challenge-768x432.jpg 768w, https:\/\/tryvya.myskydoowebsite.com\/wp-content\/uploads\/deepfake-detection-challenge-1536x864.jpg 1536w, https:\/\/tryvya.myskydoowebsite.com\/wp-content\/uploads\/deepfake-detection-challenge-1080x608.jpg 1080w, https:\/\/tryvya.myskydoowebsite.com\/wp-content\/uploads\/deepfake-detection-challenge-1280x720.jpg 1280w, https:\/\/tryvya.myskydoowebsite.com\/wp-content\/uploads\/deepfake-detection-challenge-980x551.jpg 980w, https:\/\/tryvya.myskydoowebsite.com\/wp-content\/uploads\/deepfake-detection-challenge-480x270.jpg 480w, https:\/\/tryvya.myskydoowebsite.com\/wp-content\/uploads\/deepfake-detection-challenge-600x338.jpg 600w\" sizes=\"(max-width: 1920px) 100vw, 1920px\" \/><\/div><\/a>\n\t\t\t\t<div class=\"elementor-post__text\">\n\t\t\t\t<h3 class=\"elementor-post__title\">\n\t\t\t<a href=\"https:\/\/tryvya.myskydoowebsite.com\/?p=1286\" >\n\t\t\t\tLe deepfake : une nouvelle menace de la part des hackers ?\t\t\t<\/a>\n\t\t<\/h3>\n\t\t\n\t\t<a class=\"elementor-post__read-more\" href=\"https:\/\/tryvya.myskydoowebsite.com\/?p=1286\" aria-label=\"En savoir plus sur Le deepfake : une nouvelle menace de la part des hackers ?\" tabindex=\"-1\" >\n\t\t\tLire la suite \u00bb\t\t<\/a>\n\n\t\t\t\t<\/div>\n\t\t\t\t\t<\/div>\n\t\t<\/article>\n\t\t\t\t<article class=\"elementor-post elementor-grid-item post-996 post type-post status-publish format-standard has-post-thumbnail hentry category-cybersecurite\" role=\"listitem\">\n\t\t\t<div class=\"elementor-post__card\">\n\t\t\t\t<a class=\"elementor-post__thumbnail__link\" href=\"https:\/\/tryvya.myskydoowebsite.com\/?p=996\" tabindex=\"-1\" ><div class=\"elementor-post__thumbnail\"><img loading=\"lazy\" decoding=\"async\" width=\"1920\" height=\"1280\" src=\"https:\/\/tryvya.myskydoowebsite.com\/wp-content\/uploads\/stethoscope-840125_1920.jpg\" class=\"attachment-medium size-medium wp-image-1199\" alt=\"Piratage informatique - hackers\" srcset=\"https:\/\/tryvya.myskydoowebsite.com\/wp-content\/uploads\/stethoscope-840125_1920.jpg 1920w, https:\/\/tryvya.myskydoowebsite.com\/wp-content\/uploads\/stethoscope-840125_1920-768x512.jpg 768w, https:\/\/tryvya.myskydoowebsite.com\/wp-content\/uploads\/stethoscope-840125_1920-1536x1024.jpg 1536w, https:\/\/tryvya.myskydoowebsite.com\/wp-content\/uploads\/stethoscope-840125_1920-1080x720.jpg 1080w, https:\/\/tryvya.myskydoowebsite.com\/wp-content\/uploads\/stethoscope-840125_1920-1280x853.jpg 1280w, https:\/\/tryvya.myskydoowebsite.com\/wp-content\/uploads\/stethoscope-840125_1920-980x653.jpg 980w, https:\/\/tryvya.myskydoowebsite.com\/wp-content\/uploads\/stethoscope-840125_1920-480x320.jpg 480w, https:\/\/tryvya.myskydoowebsite.com\/wp-content\/uploads\/stethoscope-840125_1920-600x400.jpg 600w\" sizes=\"(max-width: 1920px) 100vw, 1920px\" \/><\/div><\/a>\n\t\t\t\t<div class=\"elementor-post__text\">\n\t\t\t\t<h3 class=\"elementor-post__title\">\n\t\t\t<a href=\"https:\/\/tryvya.myskydoowebsite.com\/?p=996\" >\n\t\t\t\tPiratage des h\u00f4pitaux : les donn\u00e9es sensibles sont une mine d&rsquo;or pour les hackers\t\t\t<\/a>\n\t\t<\/h3>\n\t\t\n\t\t<a class=\"elementor-post__read-more\" href=\"https:\/\/tryvya.myskydoowebsite.com\/?p=996\" aria-label=\"En savoir plus sur Piratage des h\u00f4pitaux : les donn\u00e9es sensibles sont une mine d&rsquo;or pour les hackers\" tabindex=\"-1\" >\n\t\t\tLire la suite \u00bb\t\t<\/a>\n\n\t\t\t\t<\/div>\n\t\t\t\t\t<\/div>\n\t\t<\/article>\n\t\t\t\t<\/div>\n\t\t\n\t\t\t\t\t\t<\/div>\n\t\t\t\t<\/div>\n\t\t\t\t\t<\/div>\n\t\t<\/div>\n\t\t\t\t\t<\/div>\n\t\t<\/section>\n\t\t\t\t<\/div>\n\t\t","protected":false},"excerpt":{"rendered":"<p>Actualit\u00e9 Soyez inform\u00e9s des cyberattaques qui vous entourent Retrouvez ici tous nos articles concernant les nouveaut\u00e9s, actualit\u00e9s et analyses sur le th\u00e8me de la cybers\u00e9curit\u00e9,<\/p>\n","protected":false},"author":1,"featured_media":0,"parent":0,"menu_order":0,"comment_status":"closed","ping_status":"closed","template":"elementor_header_footer","meta":{"footnotes":""},"class_list":["post-2040","page","type-page","status-publish","hentry"],"_links":{"self":[{"href":"https:\/\/tryvya.myskydoowebsite.com\/index.php?rest_route=\/wp\/v2\/pages\/2040","targetHints":{"allow":["GET"]}}],"collection":[{"href":"https:\/\/tryvya.myskydoowebsite.com\/index.php?rest_route=\/wp\/v2\/pages"}],"about":[{"href":"https:\/\/tryvya.myskydoowebsite.com\/index.php?rest_route=\/wp\/v2\/types\/page"}],"author":[{"embeddable":true,"href":"https:\/\/tryvya.myskydoowebsite.com\/index.php?rest_route=\/wp\/v2\/users\/1"}],"replies":[{"embeddable":true,"href":"https:\/\/tryvya.myskydoowebsite.com\/index.php?rest_route=%2Fwp%2Fv2%2Fcomments&post=2040"}],"version-history":[{"count":28,"href":"https:\/\/tryvya.myskydoowebsite.com\/index.php?rest_route=\/wp\/v2\/pages\/2040\/revisions"}],"predecessor-version":[{"id":2471,"href":"https:\/\/tryvya.myskydoowebsite.com\/index.php?rest_route=\/wp\/v2\/pages\/2040\/revisions\/2471"}],"wp:attachment":[{"href":"https:\/\/tryvya.myskydoowebsite.com\/index.php?rest_route=%2Fwp%2Fv2%2Fmedia&parent=2040"}],"curies":[{"name":"wp","href":"https:\/\/api.w.org\/{rel}","templated":true}]}}